ase 7) in base 14?
2716
-448 (base 9) to base 13
-224
10c4 (base 13) to base 9
3208
What is -1540 (base 7) in base 9?
-754
-119 (base 11) to base 16
-8d
Convert -46 (base 14) to base 11.
-57
-11100100001 (base 2) to base 14
-945
Convert 220022122 (base 3) to base 2.
100010101000001
What is 5026 (base 8) in base 6?
15542
Convert -1e1 (base 15) to base 11.
-367
What is -4821 (base 10) in base 12?
-2959
165b6 (base 12) to base 13
11718
-175a (base 14) to base 7
-15143
What is -119d (base 15) in base 3?
-12010211
What is 295 (base 13) in base 5?
3320
What is 91a7 (base 11) in base 12?
70a1
What is -1567 (base 12) in base 7?
-10240
Convert 2242 (base 11) to base 4.
232012
Convert 771 (base 8) to base 5.
4010
1535 (base 12) to base 8
4671
Convert 221111 (base 4) to base 15.
bb5
Convert -403 (base 13) to base 12.
-487
-1fd (base 16) to base 13
-302
Convert -23415 (base 6) to base 8.
-6503
3044 (base 8) to base 16
624
5620 (base 7) to base 9
2687
7 (base 13) to base 12
7
-10333 (base 5) to base 8
-1316
What is -c85 (base 16) in base 14?
-124d
What is 110101001010 (base 2) in base 15?
101c
11508 (base 11) to base 7
66232
Convert -1067 (base 11) to base 3.
-1221000
Convert -12295 (base 10) to base 8.
-30007
-1296 (base 15) to base 8
-7576
What is 103400 (base 8) in base 4?
20130000
-110000111001 (base 2) to base 15
-dd9
Convert -bf4 (base 16) to base 9.
-4170
-1367 (base 8) to base 3
-1001010
Convert 10667 (base 13) to base 11.
20314
37435 (base 10) to base 15
b15a
What is 11111001 (base 2) in base 9?
306
Convert -4622 (base 7) to base 14.
-882
Convert 32043 (base 6) to base 12.
2623
What is -13979 (base 15) in base 2?
-1111010110101001
What is 2121341 (base 5) in base 8?
106006
-561 (base 11) to base 12
-480
-1aa (base 14) to base 13
-208
What is -236 (base 14) in base 9?
-538
13d78 (base 15) to base 9
106445
Convert 71 (base 8) to base 14.
41
What is 408d (base 16) in base 5?
1012100
What is -11123 (base 4) in base 2?
-101011011
What is -12037 (base 9) in base 7?
-32323
What is 274 (base 8) in base 7?
356
What is a81 (base 14) in base 10?
2073
Convert 43685 (base 9) to base 6.
342122
Convert -2165 (base 10) to base 2.
-100001110101
What is -813a (base 12) in base 11?
-a590
What is 266b (base 12) in base 10?
4403
What is 18f2 (base 16) in base 13?
2ba3
What is 80b (base 14) in base 13?
946
536 (base 15) to base 2
10010011000
-56501 (base 8) to base 5
-1230443
Convert -532 (base 14) to base 4.
-100000
What is 34221 (base 6) in base 11?
36a8
-6b9c (base 14) to base 15
-5858
Convert -11445 (base 9) to base 3.
-101111112
Convert 102302 (base 4) to base 11.
9a3
976 (base 16) to base 4
211312
3252 (base 10) to base 2
110010110100
What is 1101110110000011 (base 2) in base 5?
3303312
Convert -28a (base 14) to base 11.
-428
2200111010 (base 3) to base 8
147152
Convert 3100203 (base 4) to base 2.
11010000100011
-110000000110 (base 2) to base 15
-da3
-2666 (base 9) to base 16
-7d4
What is 100221 (base 3) in base 10?
268
Convert 38a (base 16) to base 13.
549
-21044 (base 5) to base 6
-10251
What is 21102 (base 3) in base 10?
200
What is 158 (base 16) in base 9?
422
Convert 820 (base 9) to base 4.
22122
What is b4e (base 15) in base 7?
10301
Convert 486 (base 9) to base 14.
20a
What is 200111 (base 3) in base 15?
234
-20300 (base 4) to base 13
-341
What is 4233 (base 6) in base 2?
1110111101
Convert -1100000001011 (base 2) to base 3.
-22102222
What is 429 (base 10) in base 12?
2b9
Convert -1b90 (base 12) to base 7.
-12654
What is -87 (base 9) in base 14?
-59
Convert -1074 (base 9) to base 12.
-564
What is -111110011110 (base 2) in base 8?
-7636
What is -2750 (base 8) in base 12?
-a60
Convert -3036 (base 8) to base 7.
-4365
What is 4709 (base 10) in base 12?
2885
-101111011 (base 2) to base 4
-11323
Convert -10100001111001 (base 2) to base 14.
-3ac1
Convert -3366 (base 13) to base 10.
-7182
27744 (base 8) to base 9
17732
Convert -a77 (base 12) to base 8.
-2773
Convert -43063 (base 7) to base 6.
-121234
What is 120200101 (base 3) in base 5?
331211
What is d9 (base 14) in base 4?
2333
47c8 (base 16) to base 8
43710
What is -7564 (base 15) in base 12?
-12464
Convert 884b (base 14) to base 8.
56043
68c (base 15) to base 2
10111001010
Convert -105 (base 12) to base 9.
-175
Convert 1253101 (base 6) to base 16.
10efd
What is 1265 (base 10) in base 8?
2361
379 (base 15) to base 9
1066
234114 (base 5) to base 12
5017
What is -23002 (base 6) in base 15?
-e62
31121 (base 6) to base 16
1039
What is 302403 (base 6) in base 9?
35713
Convert 3013 (base 6) to base 3.
220100
Convert 2343 (base 5) to base 6.
1340
What is 10012111212 (base 3) in base 10?
63068
2350 (base 9) to base 6
12030
Convert -210 (base 15) to base 12.
-329
What is -315 (base 10) in base 13?
-1b3
Convert -1255 (base 14) to base 11.
-245a
What is 2a66 (base 12) in base 8?
11556
What is -1cc (base 14) in base 6?
-1424
What is 747 (base 8) in base 4?
13213
345 (base 14) to base 2
1010001001
-da2 (base 16) to base 12
-202a
-2626 (base 12) to base 8
-10376
12213 (base 6) to base 3
2111000
Convert -1011101111 (base 2) to base 13.
-45a
32737 (base 11) to base 9
72106
Convert 2280 (base 9) to base 2.
11010011100
a32 (base 14) to base 9
2666
Convert -2124 (base 7) to base 4.
-23301
Convert -1101 (base 4) to base 11.
-74
3358 (base 16) to base 11
996a
What is -763 (base 15) in base 10?
-1668
Convert -1213 (base 5) to base 4.
-2313
Convert 343 (base 16) to base 14.
439
-134404 (base 6) to base 11
-9584
Convert 1d0 (base 15) to base 11.
352
96b (base 12) to base 11
1044
Convert 824 (base 10) to base 15.
39e
Convert 373 (base 14) to base 6.
3105
-11111002 (base 3) to base 9
-4432
What is 1859 (base 12) in base 9?
4036
What is -12 (base 7) in base 14?
-9
Convert 7a4 (base 16) to base 14.
9da
What is -2383 (base 13) in base 5?
-130013
-1101010100 (base 2) to base 9
-1146
What is -2236 (base 9) in base 5?
-23103
Convert 322303 (base 4) to base 11.
2911
32643 (base 10) to base 16
7f83
12120101 (base 3) to base 13
1b04
Convert -23024 (base 7) to base 15.
-1aee
5320 (base 7) to base 6
12404
Convert 33402 (base 6) to base 4.
1021022
Convert 100101111010 (base 2) to base 16.
97a
Convert -213b0 (base 14) to base 7.
-453110
What is 1812 (base 9) in base 3?
1220102
Convert 3013 (base 6) to base 5.
10112
-1891 (base 12) to base 13
-148c
1035 (base 8) to base 12
391
What is -15251 (base 10) in base 4?
-3232103
-101014 (base 6) to base 3
-101222101
What is -426 (base 7) in base 15?
-e6
Convert -31dc (base 16) to base 9.
-18452
a455 (base 13) to base 16
58bc
2110202 (base 3) to base 11
1399
-705 (base 9) to base 2
-1000111100
What is -131132 (base 7) in base 4?
-11331221
What is -2030112 (base 4) in base 9?
-13280
What is -1508a (base 11) in base 6?
-243014
What is 1100111110001 (base 2) in base 14?
25c5
What is 211002 (base 3) in base 4?
21110
Convert -13404 (base 7) to base 4.
-320232
Convert -1145004 (base 6) to base 15.
-12eba
Convert -156 (base 12) to base 10.
-210
What is 1486 (base 12) in base 13?
1131
7222 (base 11) to base 14
36c7
What is 70 (base 15) in base 16?
69
-505 (base 9) to base 11
-343
100010100111001 (base 2) to base 15
53b6
-4b (base 12) to base 5
-214
13322313 (base 4) to base 16
7eb7
Convert 21577 (base 9) to base 4.
3133312
Convert 254 (base 14) to base 11.
394
What is -121 (base 15) in base 6?
-1104
-155 (base 12) to base 4
-3101
-a0 (base 13) to base 4
-2002
What is -24633 (base 8) in base 4?
-2212123
What is -1161 (base 10) in base 15?
-526
-2da9 (base 16) to base 10
-11689
Convert c1b8 (base 13) to base 3.
1100121022
dd90 (base 15) to base 2
1011011101010111
Convert -1418 (base 9) to base 10.
-1070
Convert 98 (base 13) to base 2.
1111101
Convert -50388 (base 10) to base 14.
-14512
33146 (base 9) to base 10
21993
-246 (base 13) to base 9
-480
-412 (base 15) to base 3
-1020222
-2a70 (base 11) to base 14
-1621
Convert -402 (base 7) to base 8.
-306
What is 22022000 (base 4) in base 12?
200a8
Convert -71771 (base 9) to base 16.
-b8b7
What is -406d (base 16) in base 9?
-24555
50d (base 14) to base 2
1111100001
-248d (base 14) to base 7
-24436
Convert -1101010101110110 (base 2) to base 13.
-1bb47
Convert 120d (base 14) to base 12.
19a5
Convert 10679 (base 10) to base 8.
24667
-111110111100 (base 2) to base 6
-30352